, o - 11 = -3*u - o. Let j = u + -4. Let p(d) = 3*d + d - j + 2. What is p(1)?
5
Let y(m) be the first derivative of -m**4/2 - 2*m**3/3 + m + 6. Let b(a) = 2*a**2 - a + 4. Let i be b(3). Suppose 2*j + 5*v = -i, 0 - 15 = 5*v. Give y(j).
9
Let w(d) = -4*d**3 + d**2 + d. Let j be w(-1). Suppose i = 8 - j. Let s(p) = -107*p + 36*p + 39*p - 2 + 33*p. Determine s(i).
2
Let b(x) be the first derivative of x**2/2 - 16*x - 7. What is b(9)?
-7
Let v(k) = k**2 + 2*k - 1. Suppose -3 = -x - 6. Let q be v(x). Let l(b) = -4 - 6*b + q + 3*b. What is l(-2)?
4
Let k(y) = y + 11. Let c be k(-9). Suppose 3*u - 12 = -3*n, -c*n - 3 = -u + 1. Let t(j) = -2*j**2 + 0*j**2 + 4*j**2 - j**3 - 2*j + n*j**2. Give t(2).
-4
Let n(f) be the second derivative of -5*f**3/6 - f**2 - 2*f. Let j(t) = 9*t + 4. Let y(v) = 4*j(v) + 7*n(v). Calculate y(-6).
-4
Let x(t) = t - 6. Let q(o) = -1. Let y(k) = 3*q(k) - x(k). Determine y(3).
0
Let h(s) = 2*s + 5. Let z(a) = a + 1. Let y(i) = -h(i) + z(i). Let n(l) = l**2 + 2*l - 35. Let r be n(5). Give y(r).
-4
Let n = -17/3 + 19/3. Let y(i) be the second derivative of -i**2 + 0 - 2*i - n*i**3. What is y(-2)?
6
Let r(q) = -3*q + 10 - 5*q**3 - 14*q**2 + 21*q**2 + 4*q**3. Calculate r(7).
-11
Suppose 4*a + 28 = -2*o, -4 = -4*o + 4. Let n(b) = b + 8. Calculate n(a).
0
Let k(t) = 0 + 2 + 1246*t - 1247*t. Determine k(-4).
6
Suppose -5*o + 3*d + 31 = -d, -19 = -2*o - 5*d. Suppose -6*b - 5 = -o*b. Let j(l) = 2 - l - 3 + 13. Determine j(b).
7
Let b(p) be the first derivative of 1/2*p**2 + 4*p - 2. Determine b(-3).
1
Let p = 4 + -3. Let l(h) = 3*h**2 + h. Let g be l(p). Let o(y) = -y**2 + 6*y - 1. Give o(g).
7
Let a = -6 + 9. Let n = a - 3. Suppose -3*j + 4*s + 17 = n, -j - 2*s + 1 = -s. Let u(w) = -w + 3. Give u(j).
0
Let r(h) = 15*h + 10. Let z(n) be the third derivative of n**4/8 + n**3/3 + 5*n**2. Let t(x) = -2*r(x) + 11*z(x). Give t(-2).
-4
Suppose -2 = -10*p + 12*p. Let l(a) = 4*a**2 - a. Determine l(p).
5
Let c(a) be the first derivative of a**2 - a + 5. Calculate c(5).
9
Let a(f) = 5*f**2 - 11 + f**2 + 32*f + 2*f**2 - 3*f**2. Let z(o) = -o**2 - 8*o + 3. Let m(i) = -2*a(i) - 9*z(i). Give m(5).
10
Suppose -12 = 12*u - 8*u. Suppose 8 = 2*r - 2*j, -4 = -j + 3*j. Let a(d) = -r*d - 1 - 1 - 1. Calculate a(u).
3
Let k(z) be the first derivative of -z**3/3 - 5*z**2/2 - 7*z - 6. Let d(j) be the first derivative of k(j). Determine d(-5).
5
Let l(z) = z**2 - 3*z + 3. Let y = -1 - -5. Suppose -3*o + x = -8, y*o - x - x = 12. Determine l(o).
1
Let a(i) = i**3 + i. Let m = -1 - 0. What is a(m)?
-2
Let l(s) = -6*s**2 + 7*s - 1. Let x(v) = 6*v**2 - 6*v + 1. Let i(b) = 4*l(b) + 5*x(b). Calculate i(1).
5
Let h(n) = -n**3 + 6*n**2 - 4*n + 2. Let v(t) = t**2 + 2*t - 3. Let b be v(2). Determine h(b).
7
Let n(x) be the third derivative of 0*x - 1/6*x**3 - 1/12*x**4 + 0 - 3*x**2. What is n(-1)?
1
Let c(q) = -5*q**2 + 67*q + 4*q**2 + 0*q**2 - 71*q. What is c(-3)?
3
Let z be (-2)/(0 + -1) - -3. Suppose -r + z - 2 = 0. Let y(j) = 1 - j**r - j - 5*j**2 - 1. Give y(-5).
5
Let d(u) be the first derivative of -u**4/4 + 2*u**3 - 3*u**2 + 2*u + 7. Calculate d(4).
10
Suppose 10 + 2 = 3*l. Suppose 0 = -4*i + l*q + 9 + 23, 16 = 3*i - q. Let p(k) = -5*k**2 - k**3 - 2 + i - 2*k + 7*k**2. Calculate p(2).
-2
Let c(n) = 6*n - 10. Let j(t) = -2*t + 3. Let f(k) = -2*c(k) - 7*j(k). Let v be 160/(-60)*(-9)/4. Determine f(v).
11
Let n(h) = h**3 + 5*h**2 - 8*h + 2. Let k = -15 - -9. Give n(k).
14
Let l(r) = -2*r - 25. Let f be l(-11). Let y(x) = -5*x**2 - 3*x + 0 + 3*x**2 + 4. Give y(f).
-5
Let r(v) = 17 + 21 - v - 33. Calculate r(10).
-5
Let h(b) = -b**2 - 4*b - 1. Suppose -4*w = 4 + 8. Give h(w).
2
Suppose 0 = 4*m + 2 + 14. Let q(h) = -h**3 - 5*h**2 - 2*h + 2. Determine q(m).
-6
Suppose 5*g + 1 = -9. Let b(h) = -h**2 - 3*h - 2. What is b(g)?
0
Suppose -3*j + 0 = -6. Let v(w) = w + w + 3*w - j - 2*w. Give v(2).
4
Let z = 3 + 1. Let s(i) = -2*i - 3*i + z*i + 41 - 36. Calculate s(5).
0
Let t(w) = 2*w. Suppose -4*l - 8 + 4 = 0. Let i(k) = -k - 1. Let v(s) = l*t(s) - 3*i(s). Give v(0).
3
Let g be ((-42)/49)/((-1)/7). Let b(h) = -h + h**3 + 5 + 5*h + g*h**2 - h**2. Give b(-4).
5
Let g(z) = -3015 - 9*z**3 + 3015. Calculate g(-1).
9
Let s(w) = -w**3 - 1. Let b(n) = -n**3 + 8*n**2 - 2*n + 18. Let k be b(8). Determine s(k).
-9
Let v(h) be the first derivative of 1/3*h**3 + 1/4*h**4 + h - 1/2*h**2 - 1. What is v(-2)?
-1
Let l(w) be the third derivative of -w**4/12 - w**3/2 - w**2. Let h = -12 + 12. Suppose m - 5*b + 11 = h, 5*m - 4*b - 17 = -3*b. Calculate l(m).
-11
Let w(p) = 15*p + 1. Let z(a) = -2*a. Let k(f) = w(f) + 5*z(f). Let q = -21 + 41. Suppose -2*h = 3*v - 17, 7*h - 2*h + q = 5*v. Give k(h).
6
Let t be (40/36*3)/(10/(-15)). Let l(g) = g + 5. Let o(n) = n + 5. Let c(q) = -4*l(q) + 5*o(q). Give c(t).
0
Let w be -1 + 1 + (3 - 1). Let h = 14 - w. Let q(r) = h*r - 12*r - r**3 - 2*r**2. Determine q(-3).
9
Suppose 4*o - 4 = -2*b, 2*b + 3*o - 3 = -2*o. Suppose -2*u = b - 2. Let a(p) = 8*p**2 - p - 1. What is a(u)?
8
Let j(i) = -12*i - 1. Let a(x) = 30*x + 2. Let f(g) = 5*a(g) + 12*j(g). Suppose b - 10 = -4*b. Determine f(b).
10
Let l(b) = 12*b**2 + 7*b. Let v = 9 - 1. Let h(j) = 18*j**2 + 11*j. Let t(w) = v*l(w) - 5*h(w). Suppose -3*c + 2*i + 13 = -2*i, 0 = -2*c + i + 2. Give t(c).
5
Let a(b) = -1. Let n(t) = t**2 - 3*t - 2. Let j(c) = a(c) - n(c). What is j(4)?
-3
Let i(k) be the second derivative of 0 + 0*k**2 - 5/6*k**4 + 0*k**3 - 5*k. Calculate i(1).
-10
Let c be 1*((-4 - -3) + 2). Let h(j) = 6*j + 1. What is h(c)?
7
Let l(s) be the second derivative of s**4/12 - s**3/3 - 9*s. Let u(q) be the second derivative of -q**3/6 + 7*q**2/2 + 2*q. Let f be u(5). Give l(f).
0
Let q(b) be the second derivative of b**3/6 - 2*b. Calculate q(1).
1
Let a(z) = -4*z + 2. Suppose 28 = 5*d - 4*y - 91, 0 = 2*d - 4*y - 38. Suppose 18 = -5*l - d. Let x be (-8)/(-3) + 6/l. Calculate a(x).
-6
Let d be (4 - 0)*4/8*-4. Let u(o) = -2*o - 9. Give u(d).
7
Let o be 8/6*3/(-2). Let t(x) be the third derivative of 1/12*x**4 + 0*x**3 + 2*x**2 + 0 + 0*x. What is t(o)?
-4
Let o(s) = 1 + 3*s + 2 - 5. Suppose 4*a + 6 + 2 = -4*r, -5*r + a - 10 = 0. Give o(r).
-8
Let f(l) = -l + l**2 - l + 3 + 0*l**2. Let v be ((-12)/(-16))/((-1)/(-4)). Suppose v - 15 = -4*d. Determine f(d).
6
Let y = -6 + 3. Let b = 4 + y. Let d(p) = p**2 + p. What is d(b)?
2
Let f(l) be the first derivative of l**2/2 + 2*l + 3. Give f(7).
9
Let m(c) = -19*c**3 + c**2 - c + 1. Let f(n) = n - 1. Let z = 21 - 19. Let v be f(z). Determine m(v).
-18
Suppose 3*k + 7 = 2*y - 6, -3*y + 9 = -3*k. Let b = -5 - k. Suppose b*c + 3 = -h, 2*c + 0*c = -5*h - 7. Let l(w) = 3*w**3 - 2*w - 1. Determine l(c).
-2
Let l(i) = -168*i - 77. Suppose 2*m = -4*w - 466, -w = m - 6*w + 226. Let z be m/6*(-2 + 0). Let a(p) = 13*p + 6. Let g(o) = z*a(o) + 6*l(o). Determine g(-1).
7
Let u be (-4 - 1)*(-39)/(-65). Let k(m) be the first derivative of -m**3/3 + m**2 + 2. Give k(u).
-15
Let a(y) be the first derivative of -y**4/4 - 2*y**3/3 + 3. Calculate a(-3).
9
Let c(l) = l**3 - l - 27. Let d(z) = -2*z**2 - 31*z - 15. Let k be d(-15). Determine c(k).
-27
Let y(i) = 2*i + 4. Suppose -39*p + 24 = -43*p. Give y(p).
-8
Let t(w) = -w. Let c(z) = -z**2 + 6*z + 4. Let y be c(6). Let d(g) be the third derivative of -g**6/120 + g**5/15 - g**3/3 - g**2. Let f be d(y). What is t(f)?
2
Let r be (-2)/(-3) + (6 - (-96)/18). Let j(n) = -n + 10. Give j(r).
-2
Let z(k) = k**3 + k**2 - k + 1. Let d(a) = a**3 + 6*a**2 + 6*a - 1. Let o be d(-5). Let y be (-1)/((-15)/o - 2). Calculate z(y).
-1
Let d(y) = -y**3 + 2*y**2 - 2*y - 2. Suppose 17*a - 4 = 15*a. Determine d(a).
-6
Let f be 72/27 - (-2)/(-3). Let a(g) = -4*g. What is a(f)?
-8
Let r(o) = -2*o + 1044 + 8*o**2 + 9*o + o**3 - 1048. Give r(-7).
-4
Let s(u) = 2*u - 7. Let j be s(6). Let a(y) be the first derivative of -1 + 2*y - 1/2*y**2. Calculate a(j).
-3
Suppose 0 = -m + j + 2*j + 18, m - 5*j = 28. Let t(r) = -3*r**3 + 2*r. Let c(l) = -l. Let w(v) = m*c(v) + t(v). Calculate w(1).
-4
Let k(w) = -2*w**2 + 3*w + 3. Let c be k(3). Let i(l) = -l**3 - 6*l**2 + l + 4. Calculate i(c).
-2
Let h(w) = -9 - 2*w - 6*w**2 + 6 + 2. Let u be h(-1). Let n(i) = i + 7. Give n(u).
2
Let m(v) = v**3 - v**2 - v - 8. Let t be ((-22)/4 + 5)*0. Calculate m(t).
-8
Let f(z) = 3*z +